ase 9, what is 1063303558 - -2?
1063303561
In base 13, what is -103c - 22a43?
-23a82
In base 9, what is -15805 - -23745?
6840
In base 6, what is -2004 - 553540?
-555544
In base 8, what is 1362375 - -746?
1363343
In base 2, what is 11101101110101110 - 11110?
11101101110010000
In base 5, what is -33234322314 - -11?
-33234322303
In base 16, what is -13a750 - 10?
-13a760
In base 8, what is -152370 - 10077?
-162467
In base 15, what is a + -254b974?
-254b969
In base 8, what is -5 - 37344126?
-37344133
In base 9, what is 57424 - 76?
57337
In base 13, what is -3 + 1800b79c?
1800b799
In base 5, what is 0 - -11022311410?
11022311410
In base 5, what is -2 + -404441333232?
-404441333234
In base 6, what is 0 - -200214334?
200214334
In base 16, what is -1f0e225 + 2?
-1f0e223
In base 4, what is -203101212000 + 1?
-203101211333
In base 16, what is -2 + f9dc33?
f9dc31
In base 4, what is -21 - -1123310331220?
1123310331133
In base 4, what is 322113 + 320301333?
321230112
In base 16, what is -3d35 + -15b5b?
-19890
In base 11, what is 221 + -10776?
-10555
In base 16, what is 2f24 - -626a?
918e
In base 16, what is -19b7 + 1e9c?
4e5
In base 3, what is -20222 + 1010200221?
1010102222
In base 15, what is -3504 + -172?
-3676
In base 11, what is -126a09 - -28?
-126991
In base 10, what is -44651718 - -5?
-44651713
In base 10, what is 6 - -15687955?
15687961
In base 16, what is 59cf49e - 8?
59cf496
In base 10, what is 5 + 1442831?
1442836
In base 8, what is 4 + 74435301?
74435305
In base 6, what is 1001123034 + 1?
1001123035
In base 14, what is 3c + 5c173?
5c1b1
In base 11, what is -1 - 1a777463?
-1a777464
In base 3, what is 21100 + -20220201?
-20122101
In base 4, what is -232211 + -100223030?
-101121301
In base 9, what is -24 + -5680714?
-5680738
In base 14, what is -2171 + -6a8?
-2839
In base 7, what is -102243016 + 0?
-102243016
In base 3, what is 110021101001002 - 10?
110021101000222
In base 8, what is -4226 + 13724?
7476
In base 13, what is -1193c99 + 18?
-1193c81
In base 6, what is -2501 + 3215544?
3213043
In base 2, what is 1001100 - -1000010101000000101011?
1000010101000001110111
In base 13, what is -2aa906b + -2?
-2aa9070
In base 8, what is 1046 - 107413?
-106345
In base 10, what is -10 - -154488283?
154488273
In base 16, what is -4145b + -9?
-41464
In base 16, what is -3757 - -161b?
-213c
In base 2, what is -111000100101110101000101110 - 11?
-111000100101110101000110001
In base 6, what is 322510520402 - -2?
322510520404
In base 9, what is -1 + -63427431?
-63427432
In base 3, what is 20 + -10021120102102122?
-10021120102102102
In base 11, what is -319471 + 695?
-318887
In base 12, what is 3a - 4b544?
-4b506
In base 10, what is 39070 + -1761?
37309
In base 13, what is 2691466 + -4?
2691462
In base 13, what is -1 + 3c9445a?
3c94459
In base 3, what is -21001120100202 - 112?
-21001120101021
In base 6, what is 1251514234 - 0?
1251514234
In base 9, what is 4474 - -24?
4508
In base 6, what is 33135 + 12050?
45225
In base 6, what is -431011 - -15?
-430552
In base 4, what is 13033230230 + -223?
13033230001
In base 7, what is -23215 + 1005355?
652140
In base 3, what is 1220001001102 - -120?
1220001001222
In base 7, what is 51241500 + 1?
51241501
In base 9, what is 2352 + -438646?
-436284
In base 7, what is -4036306232 + 1?
-4036306231
In base 12, what is b0779079 - -3?
b0779080
In base 9, what is -11436 - -4811?
-5525
In base 9, what is 3 + 5230016?
5230020
In base 6, what is 2300 - 3225330?
-3223030
In base 13, what is -34 - 6094694?
-60946c8
In base 10, what is -5 - -3666909?
3666904
In base 11, what is 103 - 147450?
-147348
In base 4, what is -30030 - -302030?
212000
In base 6, what is -10105204 - 44?
-10105252
In base 5, what is 221223 + -421?
220302
In base 2, what is 10 - -11001100010001000100100000?
11001100010001000100100010
In base 12, what is 336 - -4949?
5083
In base 5, what is 0 - 30223302140?
-30223302140
In base 16, what is -14 + 3a7f51?
3a7f3d
In base 2, what is 10100110 + -111000001010001?
-110111110101011
In base 3, what is 1001020021102000 - -22?
1001020021102022
In base 6, what is -21445 - 3014424?
-3040313
In base 13, what is -22 + -199492?
-1994b4
In base 4, what is 230322220 - -2?
230322222
In base 10, what is 16 + -2914054?
-2914038
In base 5, what is 32432 + 23024?
111011
In base 13, what is -15058 + 797?
-14591
In base 16, what is 2f - -f4f8?
f527
In base 11, what is 953339 + 5?
953343
In base 10, what is -3404 - 6197?
-9601
In base 12, what is 1b99128 + 4?
1b99130
In base 16, what is -2 + ae86f?
ae86d
In base 16, what is bb0 + 102?
cb2
In base 5, what is -303311102 + 240?
-303310312
In base 5, what is 3 - 44012433221?
-44012433213
In base 6, what is 15333135 + -2324?
15330411
In base 16, what is 4 + -147e0d?
-147e09
In base 5, what is 141302224342 + -3?
141302224334
In base 10, what is -1254 - 156231?
-157485
In base 7, what is 250012 - 23?
246656
In base 4, what is 30 - -333003103230?
333003103320
In base 16, what is 46add33 + -1?
46add32
In base 6, what is -15134501 + -1553?
-15140454
In base 4, what is 112 + -1001001120?
-1001001002
In base 10, what is -2 + 14538030?
14538028
In base 11, what is -72112741 - -6?
-72112736
In base 10, what is 1390107 - -27?
1390134
In base 7, what is -10400546 + -3?
-10400552
In base 14, what is ba2 + -1aa5?
-d03
In base 4, what is 32013221 + -11122121?
20231100
In base 15, what is -1 - -313b2?
313b1
In base 6, what is -145223421 - 1?
-145223422
In base 11, what is 3963704a - -5?
39637054
In base 3, what is 1022212 + -1012000112200?
-1011222012211
In base 7, what is 1142102256 + 13?
1142102302
In base 7, what is 2 - 22564436?
-22564434
In base 2, what is 101010100100 - 101010100011000?
-100101001110100
In base 4, what is 1123 + -23032110?
-23030321
In base 13, what is -5a - 663622?
-66367c
In base 14, what is 506496 - 84?
506412
In base 16, what is a11068f + -2?
a11068d
In base 2, what is 11001000011100011111 - -1000?
11001000011100100111
In base 7, what is 23466412 + 1?
23466413
In base 15, what is -375d036 + 7?
-375d02e
In base 3, what is 1012000 + 20110120?
21122120
In base 10, what is -581 + -4027?
-4608
In base 13, what is 439a8c3 + 4?
439a8c7
In base 12, what is 27ab43b8 - -5?
27ab4401
In base 6, what is 4355 + -251000?
-242201
In base 9, what is 186820440 + 5?
186820445
In base 7, what is 0 + -124525515?
-124525515
In base 2, what is -11001001001 + -11000010110001?
-11011011111010
In base 11, what is -3 - 7898315?
-7898318
In base 7, what is -243 - -1021313?
1021040
In base 6, what is 1144053440 + -20?
1144053420
In base 16, what is -190d03 + -5?
-190d08
In base 11, what is 123a + 5943?
7082
In base 13, what is -591a - -75b6?
1999
In base 8, what is -25317144 - -5?
-25317137
In base 16, what is 33 + 696d3?
69706
In base 5, what is 10 + 12204431321?
12204431331
In base 16, what is -aa2e5 - -18?
-aa2cd
In base 14, what is -2 + -4db6ca7?
-4db6ca9
In base 6, what is 21525 - 241?
21244
In base 7, what is 0 + -102044235?
-102044235
In base 11, what is 27 + 2655746?
2655772
In base 15, what is -28 - d0d44?
-d0d6c
In base 5, what is -114130 - 1104?
-120234
In base 2, what is -101001100111010110001101 - 101?
-101001100111010110010010
In base 10, what is 106756 - 203?
106553
In base 7, what is 1026440 + 0?
1026440
In base 10, what is 37 - 682346?
-682309
In base 12, what is 74a656 + 134?
74a78a
In base 6, what is -12052514520 + -1?
-12052514521
In base 12, what is -1641 + -3778a?
-3920b
In base 2, what is -110101 - -1111101000100011111?
1111101000011101010
In base 4, what is -10110212333 + 31203?
-10110121130
In base 13, what is 5 - -830439?
830441
In base 4, what is -111221110 - -2032?
-111213012
In base 8, what is -555040567 - -4?
-555040563
In base 10, what is -20 + 539120?
539100
In base 12, what is 107 + 41a19?
41b24
In base 2, what is -10 - -11000000000101010010011011?
11000000000101010010011001
In base 12, what is -7 - -7582974?
7582969
In base 10, what is 338 + 9189?
9527
In base 8, what is 621337022 - 11?
621337011
In base 4, what is -2302123110301 - 1?
-2302123110302
In base 12, what is 66210b21 + 3?
66210b24
In base 5, what is 32023 - 2230433?
-2143410
In base 10, what is -6335030 - 0?
-6335030
In base 13, what is -4b + -98b71?
-98bbc
In base 16, what is -9 - 12e2d8?
-12e2e1
In base 3, what is 11 - 